termine r(16).
14
Let d(m) be the second derivative of -2 - 1/3*m**3 - 180*m + 1/12*m**4 - 5/2*m**2. Calculate d(6).
19
Let a(v) be the third derivative of -7*v**5/60 + 3*v**4/2 - 35*v**3/6 - 10*v**2 + 72. Calculate a(1).
-6
Let b(w) = w + 3. Let m(x) be the second derivative of -5*x**3/6 - 4*x**2 + 3*x. Let l be m(-4). Suppose -4*n = -y - l, 4*n - 19 = -3. Give b(y).
7
Suppose 3*n + 6 = 5*p, -2*p - 10 = 3*p + 5*n. Let c be 4/(((-3)/(-6))/1). Let z(k) = 7 + k + c - 2*k. Determine z(p).
15
Let g(b) = -10*b + 57. Let j(d) = 9*d - 52. Let q(n) = -4*g(n) - 5*j(n). Calculate q(8).
-8
Let b(y) = -12105 + y**2 - 10*y**3 + 2*y - 12*y**3 + 12107. Determine b(-1).
23
Let c be ((-1110)/78)/(-5) + 10/65. Suppose -2*g + 2 = -4*g. Let d(s) = 6*s**2 + 2*s + 1. Let x(m) = m**2 + m. Let y(i) = g*d(i) + 5*x(i). What is y(c)?
-1
Let l = 373 + -369. Let u = -7 - -10. Let f = l + u. Let o(w) = w - 8. Give o(f).
-1
Let b(l) = -4*l**2 + 144*l - 76. Let k(a) = 2*a**2 - 71*a + 37. Let p(r) = 3*b(r) + 5*k(r). What is p(38)?
-5
Let v = 6 - 12. Let d be ((-28)/(-42) - (-4)/v) + -4. Let i(m) = 4 + 8*m - 7*m + 0*m. What is i(d)?
0
Let x = -339 + 341. Suppose -3*y + x*j = -33, -4*y - 4*j + 39 = -5*j. Let s(o) = 2*o - 2. Determine s(y).
16
Let z(r) = 0*r - 400 - 4*r - 4*r + 2*r**2 - r**2 + 407. Let n = -59 + 76. Let u = 22 - n. What is z(u)?
-8
Let y(h) = -h**3 - h + 1. Let l(u) = -7*u**3 - 293*u**2 + 43*u + 40. Let x be l(-42). Give y(x).
11
Let p be -3 + 3 - 3 - -1 - -107. Let k(c) = 2*c**2 - 105*c - p*c + 2 + 204*c. Give k(3).
2
Let v(k) = 13*k + 221*k**2 - 223*k**2 - 13 + 28 + 7*k. What is v(11)?
-7
Let z(u) be the first derivative of u**4/4 + 2*u**3 + 3*u**2 + 2*u + 41. Let k = 72 + -69. Suppose -4 = 2*f + k*d, -2*d - 23 = 5*f - 2. Give z(f).
-3
Let l be (-33)/(-462) - (-4)/18*9/21. Let w(p) be the third derivative of 0 + 3/40*p**6 - 1/24*p**4 - l*p**3 + 6*p**2 + 1/60*p**5 + 0*p. Give w(-1).
-8
Let l(d) = -d + 1. Let k = 93 + -71. Let f be (-33)/(-6) - 11/k. Give l(f).
-4
Let u(r) = -r**2 + 9*r + 8633 - 4319 - 4311. Suppose w - 4*y = 5, 8 = w + 5*y - 6. What is u(w)?
3
Suppose -40*p - 15 = 3*l - 44*p, 0 = 5*p - 15. Let m(o) = -5*o**2 + 93 - o - 92 + o. Give m(l).
-4
Let a be (-8)/(-4) - (-32 - 0). Suppose -a*m + 33*m + 6 = 0. Let d(s) = -3*s**2 - 1 + 8*s**2 + 9 - s - m*s**2. What is d(0)?
8
Let t = -348 - -633. Let p = 189 - t. Let r = 90 + p. Let d(c) = -c**2 - 7*c + 1. Give d(r).
7
Suppose 151*w = 155*w - 16. Let h(u) be the second derivative of 1/20*u**5 + 1/6*u**3 + 0 + 15*u - 1/4*u**w + 2*u**2. What is h(3)?
7
Let n(m) = 7 + 183*m + m**2 - 159*m + 62 + 0*m**2. Determine n(-21).
6
Let j = -68 - -84. Suppose 0 = 17*k - j*k + 5. Let g(b) = -b**2 - 2*b + 6. Determine g(k).
-9
Suppose -217*a + 222*a - 2*g - 29 = 0, 4*g - 12 = -4*a. Let h(w) = 3*w**3 - 16*w**2 + 11*w - 21. Calculate h(a).
9
Let i = -89 + 163. Let h(r) = -225 + 76 + i + 73 - r. Determine h(-5).
3
Suppose 3*v = -4*j - 5, v + 25 = -2*v + j. Let w(y) be the second derivative of -1 - 1/20*y**5 + 1/2*y**2 - 4/3*y**3 - 2/3*y**4 - 113*y. What is w(v)?
8
Let k(p) = 7*p**2 - 3*p + 7. Let i(o) = -o**2 + o - 1. Let g(y) = -5*i(y) - k(y). Suppose -427 = m + 5*h - 400, -m - h = 7. Give g(m).
-6
Let x(m) be the first derivative of 4*m**2 - m + 1. Suppose -58594*o = -58601*o + 7. Calculate x(o).
7
Let i(u) = 2*u - 23. Let h be i(14). Let z(k) be the third derivative of k**6/120 - k**5/12 - k**4/12 + k**3/3 + 129*k**2 - 2. Give z(h).
-8
Suppose -3*m - 1 = -0*m - 25. Let q(z) = -6*z + 54. Calculate q(m).
6
Let s(d) be the third derivative of -d**4/12 - d**3/6 - 1323*d**2. Give s(-2).
3
Let a(o) = -o**3 + 8*o**2 + 12*o - 24. Let b = 14630 + -14621. What is a(b)?
3
Let v(y) = -2*y**2 - 28*y - 22. Let x(d) = -461*d**2 + 1841*d. Let f be x(4). Calculate v(f).
26
Suppose 7*f + 3*v = 3*f + 181, v - 229 = -5*f. Let r(u) = -71*u + f*u + 24*u - 1. Give r(3).
-4
Let u(o) = 7*o**2 - 3*o + 2. Let p be u(1). Let r(i) = i**3 - 7*i**2 + 10*i - 16. Let k be r(p). Let f(b) = -b**2 + 7*b + 10. What is f(k)?
2
Let x(a) = -7*a**3 + 3*a + 14*a**3 + 1194 - 401 - 5*a**2 - 399 - 392. What is x(1)?
7
Let n(d) be the second derivative of -3*d**4/4 + d**3/2 - 3*d**2/2 - 5*d + 40. Determine n(2).
-33
Let d(i) = -i**3 - 11*i**2 - 9*i + 23. Suppose 0 = -5*o + 3*m - 56, 0 = -4*o + 5*o + m + 8. Calculate d(o).
13
Let g(k) = -k**3 + 7*k**2 - 6*k + 4. Let m(p) = -p**2 + 18*p - 30. Let q be m(16). Let x be (-8)/10*q - 2/5. Let a be (246/287)/(2/(-28)*x). Determine g(a).
4
Let j(d) be the second derivative of -2*d**3/3 + 3*d**2 + 1291*d. Suppose -2*h = 2*p - 6, -28 - 19 = -5*p + 3*h. Let x = p + -2. Determine j(x).
-14
Let n(r) = 2*r + 7. Let u(b) be the third derivative of 1/24*b**4 + 0 + 5/3*b**3 - 11*b**2 + 0*b. Let o be u(-17). Determine n(o).
-7
Let x(z) = -z**3 - 17*z**2 + 137*z - 14. Let g be x(-23). Let d(j) = 16*j - 131. Give d(g).
13
Let z = -14689 + 14690. Let g(k) = 16*k**3 + k**2 + 4*k - 5. Calculate g(z).
16
Let j(w) = -w**3 + 9*w**2 - 9*w + 20. Suppose 0 = -c - 22*x + 17*x + 3, 4*c - 5*x - 37 = 0. Give j(c).
12
Let f(i) = 15*i + 2. Let j(l) = 7*l + 1. Let q(y) = -6*f(y) + 13*j(y). Let x be 9 - 9/((-54)/(-12)). Let c be q(x). Let p(b) = 2*b - 5. Determine p(c).
11
Suppose 0 = 2*s - 5*s + 18. Let q be 133/s + 9/(-54). Suppose 5*p - 2*d = 34, -5*p + 2*d + q = -2*p. Let r(x) = -x**2 + 6*x - 6. Calculate r(p).
-6
Let c(v) = -7*v + 1. Let u = -516 + 534. Let y(l) = 61*l - 8. Let m(n) = u*c(n) + 2*y(n). Determine m(-10).
42
Let q(p) = p - 1. Let x be -25*((-1)/(10/(-44)) - 2). Let o = x + 29. Let r = -25 - o. Give q(r).
5
Let u be (3 - (0 - -1))*-1. Let y(q) = q**3 - 7*q + 2. Let k be y(u). Let n(v) = -v + 11. Give n(k).
3
Let x(t) be the third derivative of 5*t**4/4 + 2*t**3/3 - 2*t**2 - 337. Give x(-1).
-26
Let b(k) be the first derivative of 5*k**3/3 + k**2/2 + k - 2. Let p = 169 + -153. Suppose 10*x = -26 + p. Calculate b(x).
5
Suppose -45 = j - 6*j + 5*d, 2*j = -d + 9. Let n(h) be the first derivative of 338 - 4*h - 5/2*h**2 + 1/3*h**3. Calculate n(j).
2
Let a = 25 - 26. Let t(q) be the second derivative of q**3/3 + q**2 + 657*q. Give t(a).
0
Let q be 2 + (0 - -4 - 8). Let j be 0 + (4 - (-2 + 0)) + q. Let d(f) = 3*f - 7 - j + 10. Give d(-3).
-10
Let u(k) = 2*k**3 - k**2 + k - 1. Let l(v) = 7*v**3 + 35*v**2 + 74*v - 39. Let s(o) = -2*l(o) + 6*u(o). What is s(-36)?
0
Let k(j) = -j - 23. Let r(a) = -a - 28. Let q(f) = -3*k(f) + 4*r(f). Determine q(-23).
-20
Let m(c) be the third derivative of -5*c**4/24 - 5*c**3/6 - 5*c**2 - 3. Let j be m(-2). Let g(d) = -d**3 + 5*d**2 - 5*d + 1. Calculate g(j).
-24
Suppose 0 = -19*y + 30 + 27. Let o(v) = 7*v + 2*v**2 - y*v**2 - 486 + 0*v**2 + 482. Give o(3).
8
Let g be 4 + 4 + (-4 - -1). Let a(o) = 6*o + 61*o**2 - 1 + 5 - 67*o**2 - 7 + o**3. Calculate a(g).
2
Suppose -1 = 18*a + 89. Let u(w) be the first derivative of w**3/3 + 7*w**2/2 + 7*w + 133. Calculate u(a).
-3
Let y(m) = 1. Let o(p) be the third derivative of -p**4/24 - 8*p**3/3 + 66*p**2. Let t(w) = o(w) + 6*y(w). Calculate t(-9).
-1
Let j(t) = 8*t + 3*t + t - 29 + 33 - t. Determine j(-3).
-29
Let k = 258 + -253. Let w(n) = 5 + n - n**3 - 2 - 1744*n**2 + 1750*n**2 - k*n. What is w(5)?
8
Let k(v) = -10*v + 31. Let y be k(3). Let s(z) = 3 + y + 8*z - 6*z + 2. Calculate s(-4).
-2
Let h(o) = -59*o**3 + 58*o**3 + 4 + o**2 - 36026*o + 36026*o. What is h(0)?
4
Let v(r) be the third derivative of r**5/24 - r**4/24 - r**3 - 75*r**2. Let u(n) be the first derivative of v(n). Give u(-3).
-16
Let a(i) = -31*i + 15. Let z(t) = -369*t - 2950. Let u be z(-8). Determine a(u).
-47
Let c(b) = -7*b - 14. Let w be 49/98*(-3 + -1). Give c(w).
0
Let i = 2047 + -2047. Let u(n) = 3*n**2 - 5*n + 1. Give u(i).
1
Let p(y) = -5*y - 2. Let x(u) = 7 + 5 + u + 1 + 7 - 19. Let m(n) = -p(n) + x(n). Give m(5).
33
Let x(o) be the first derivative of 7*o**4/4 + o**3/3 + 3*o**2/2 - 4*o + 2201. What is x(1)?
7
Let h(b) = -2*b**2 + 13*b + 62. Let k(l) = 7*l - 8*l**2 + 19*l**2 - 10*l**2 - 2*l**2 + 32. Let r(o) = -6*h(o) + 11*k(o). Let t = 0 - 0. Calculate r(t).
-20
Let l(h) = -2*h**3 + 3*h**3 + 116 - 9*h + 6*h**2 + 0*h**3 - 139 + 0*h**3. Calculate l(-3).
31
Let b(x) = 4*x**2 - 31*x + 90. Let u(o) = 2*o**2 + 13*o - 2. Let m(n) = b(n) - u(n). Give m(20).
12
Suppose 6826 + 806 = 24*f. Let w =